at is the highest common factor of 15 and 19464360?
15
What is the greatest common factor of 6254 and 826?
118
What is the greatest common factor of 47678 and 837?
31
Calculate the greatest common factor of 4233 and 3247.
17
What is the greatest common divisor of 452 and 70964?
452
Calculate the highest common divisor of 4348 and 12.
4
Calculate the greatest common divisor of 39314 and 418.
22
Calculate the greatest common factor of 162931 and 305.
61
What is the greatest common divisor of 143 and 222079?
143
Calculate the greatest common divisor of 87134 and 76.
38
Calculate the highest common factor of 12635 and 819.
7
What is the highest common factor of 110 and 886490?
110
Calculate the greatest common divisor of 1600472 and 1480.
296
Calculate the highest common factor of 209076 and 47082.
798
Calculate the highest common divisor of 564534 and 316.
158
What is the greatest common factor of 125251 and 4936?
617
What is the greatest common factor of 53 and 17?
1
What is the highest common factor of 28 and 1603?
7
What is the greatest common factor of 30 and 90?
30
What is the greatest common factor of 3854942 and 826?
826
What is the greatest common factor of 105141 and 101?
101
Calculate the highest common factor of 2496 and 9711.
39
What is the greatest common factor of 138 and 15778?
46
Calculate the highest common divisor of 2821 and 38948.
91
Calculate the highest common divisor of 115 and 102672.
23
Calculate the highest common factor of 678 and 512794.
226
What is the greatest common divisor of 250 and 10670?
10
What is the highest common factor of 15041 and 304291?
1157
Calculate the highest common factor of 73239 and 117.
3
Calculate the greatest common divisor of 79463 and 687.
229
What is the greatest common factor of 107 and 3148?
1
What is the greatest common factor of 1342208 and 64?
64
Calculate the greatest common factor of 888 and 359603.
37
What is the highest common factor of 26 and 142402?
26
What is the greatest common factor of 2068923 and 3?
3
Calculate the highest common divisor of 63 and 3063.
3
What is the highest common factor of 20 and 20174?
2
What is the highest common divisor of 360 and 315?
45
Calculate the greatest common factor of 451 and 106764.
41
Calculate the highest common factor of 1677 and 1924.
13
Calculate the greatest common divisor of 319 and 49181.
11
Calculate the highest common factor of 28 and 34020.
28
Calculate the greatest common divisor of 46953 and 2961.
423
What is the highest common divisor of 33705 and 3290?
35
What is the highest common divisor of 30 and 77290?
10
Calculate the highest common factor of 2076 and 1903.
173
What is the greatest common divisor of 5390 and 95?
5
What is the greatest common factor of 48861 and 549?
549
Calculate the greatest common factor of 406286 and 62.
62
What is the highest common factor of 837 and 21806361?
837
What is the greatest common factor of 112 and 2218104?
56
Calculate the greatest common divisor of 35 and 96950.
35
What is the highest common divisor of 189 and 973?
7
What is the greatest common factor of 160 and 63185?
5
What is the greatest common factor of 8164 and 28184?
52
Calculate the highest common divisor of 56045 and 77.
11
What is the greatest common divisor of 1365 and 29211?
273
What is the highest common factor of 1544504 and 208?
104
Calculate the highest common factor of 8290 and 130.
10
What is the greatest common factor of 20083 and 4077?
151
Calculate the greatest common factor of 1463 and 17461.
19
Calculate the highest common divisor of 1014 and 42055.
13
Calculate the highest common divisor of 94 and 16506.
2
What is the greatest common factor of 75059 and 2397?
47
What is the highest common divisor of 207879 and 1596?
399
Calculate the greatest common divisor of 9841 and 65.
13
What is the greatest common factor of 1819370 and 10?
10
What is the greatest common factor of 5390 and 74690?
770
Calculate the highest common factor of 2080 and 50440.
520
Calculate the greatest common factor of 153984 and 1152.
384
Calculate the highest common divisor of 384 and 7428.
12
What is the greatest common factor of 92 and 349324?
92
Calculate the highest common factor of 1482 and 64961.
247
Calculate the highest common factor of 144995 and 1645.
235
What is the greatest common factor of 1785 and 2635?
85
Calculate the greatest common divisor of 2944 and 352.
32
What is the highest common factor of 1378 and 3936257?
689
What is the highest common factor of 8621 and 8732?
37
What is the greatest common divisor of 5588 and 105776?
44
Calculate the highest common factor of 12 and 382158.
6
What is the greatest common divisor of 178 and 438?
2
Calculate the greatest common divisor of 18 and 70704.
18
What is the greatest common factor of 4277 and 2093?
91
Calculate the highest common factor of 342 and 4712.
38
Calculate the highest common factor of 2066500 and 1125.
125
What is the greatest common factor of 53098 and 955?
191
Calculate the highest common divisor of 12 and 125814.
6
Calculate the highest common divisor of 5411 and 154.
7
Calculate the greatest common factor of 2881 and 10720.
67
Calculate the greatest common factor of 9451435 and 1405.
1405
Calculate the greatest common divisor of 16627 and 247.
13
Calculate the greatest common factor of 76 and 132506.
38
Calculate the highest common factor of 18848 and 456.
152
Calculate the greatest common factor of 10976072 and 152.
152
Calculate the highest common factor of 4058 and 2786.
2
Calculate the highest common factor of 11172 and 163023.
147
What is the greatest common factor of 2180 and 6660?
20
Calculate the highest common factor of 11 and 67441.
11
Calculate the highest common factor of 67 and 9120911.
67
Calculate the highest common factor of 9512118 and 924.
462
Calculate the highest common divisor of 258856 and 786.
262
Calculate the highest common factor of 115788 and 20.
4
Calculate the greatest common divisor of 47 and 29328.
47
Calculate the greatest common divisor of 5384 and 33072.
8
What is the greatest common factor of 36 and 33921?
9
Calculate the greatest common divisor of 41292 and 16.
4
What is the highest common factor of 58750 and 830?
10
Calculate the highest common divisor of 264 and 63558.
66
What is the greatest common divisor of 96975 and 225?
225
What is the greatest common divisor of 1320 and 221925?
165
What is the highest common factor of 25993 and 1343?
17
Calculate the highest common divisor of 250354 and 52.
26
What is the greatest common factor of 2483 and 5863?
13
What is the greatest common factor of 44247 and 12513?
129
What is the highest common divisor of 649041 and 12?
3
Calculate the highest common factor of 406823 and 43.
43
Calculate the highest common divisor of 168 and 384.
24
Calculate the greatest common factor of 68 and 881042.
34
Calculate the highest common divisor of 318 and 21677.
53
What is the greatest common divisor of 560731 and 2155?
431
What is the greatest common factor of 3324 and 1200?
12
What is the highest common divisor of 1091043 and 459?
459
What is the highest common factor of 2089426 and 590?
118
What is the greatest common factor of 1043 and 26522?
149
What is the greatest common factor of 7847 and 767?
59
What is the greatest common divisor of 112514 and 202?
202
Calculate the highest common factor of 19251 and 945.
27
Calculate the greatest common divisor of 216 and 401256.
72
Calculate the greatest common factor of 310176 and 4.
4
Calculate the greatest common divisor of 2870 and 14070.
70
Calculate the greatest common factor of 7568 and 1012.
44
What is the highest common factor of 72846 and 95?
19
Calculate the greatest common factor of 124 and 10571.
31
What is the highest common factor of 54872 and 6574?
38
Calculate the greatest common divisor of 5720 and 26312.
1144
What is the greatest common factor of 35706 and 9372?
66
What is the greatest common factor of 3204 and 1333398?
534
Calculate the highest common factor of 2804458 and 1466.
1466
What is the greatest common factor of 235989 and 104?
13
Calculate the highest common factor of 9607 and 1495.
13
What is the highest common factor of 1099 and 5173?
7
Calculate the greatest common divisor of 1242 and 93978.
414
Calculate the highest common 